{"id":124,"date":"2019-11-20T17:19:52","date_gmt":"2019-11-20T17:19:52","guid":{"rendered":"http:\/\/hauselisabeth-amrum.de\/?page_id=124"},"modified":"2023-04-28T07:02:28","modified_gmt":"2023-04-28T07:02:28","slug":"wohnung-klaffhugh","status":"publish","type":"page","link":"https:\/\/hauselisabeth-amrum.de\/?page_id=124","title":{"rendered":"Wohnung Klaffhugh"},"content":{"rendered":"<p>[et_pb_section fb_built=&#8220;1&#8243; fullwidth=&#8220;on&#8220; _builder_version=&#8220;4.16&#8243; global_colors_info=&#8220;{}&#8220;][et_pb_fullwidth_image src=&#8220;http:\/\/hauselisabeth-amrum.de\/wp-content\/uploads\/2019\/11\/Headder-1.jpg&#8220; _builder_version=&#8220;4.16&#8243; global_colors_info=&#8220;{}&#8220;][\/et_pb_fullwidth_image][\/et_pb_section][et_pb_section fb_built=&#8220;1&#8243; _builder_version=&#8220;4.16&#8243; global_colors_info=&#8220;{}&#8220;][et_pb_row column_structure=&#8220;3_5,2_5&#8243; _builder_version=&#8220;4.16&#8243; background_size=&#8220;initial&#8220; background_position=&#8220;top_left&#8220; background_repeat=&#8220;repeat&#8220; custom_padding=&#8220;0px|||||&#8220; global_colors_info=&#8220;{}&#8220;][et_pb_column type=&#8220;3_5&#8243; _builder_version=&#8220;4.16&#8243; custom_padding=&#8220;|||&#8220; global_colors_info=&#8220;{}&#8220; custom_padding__hover=&#8220;|||&#8220;][et_pb_text _builder_version=&#8220;4.16&#8243; background_size=&#8220;initial&#8220; background_position=&#8220;top_left&#8220; background_repeat=&#8220;repeat&#8220; custom_padding=&#8220;1px|||||&#8220; global_colors_info=&#8220;{}&#8220;]<\/p>\n<div id=\"wrapper2\">\n<h3><span>Wohnung Klaffhugh (2 Sterne-Klassifizierung)<o:p><\/o:p><\/span><\/h3>\n<p><span>\u00a0<\/span><\/p>\n<p><span>Die Wohnung ist 45 qm gro\u00dfe Maisonette Wohnung &#8211; unten Wohnraum mit gem\u00fctlicher Sofaecke sowie einer K\u00fcche oben befindet ein offener Schlafbereich mit einem traumhaften Ausblick.<o:p><\/o:p><\/span><span>Die K\u00fcche ist voll ausgestattet und verf\u00fcgt \u00fcber ein Ceranfeld und Mikrowelle mit Hei\u00dfluft, sowie eine gem\u00fctliche Essecke.<o:p><\/o:p><\/span><\/p>\n<p><span>Alle unsere Wohnungen sind mit einem LCD \u2013 Fernseher ( Satellitenempfang ),<br \/>Stereo Anlage und DVD Player ausgestattet.<br \/>Selbstverst\u00e4ndlich verf\u00fcgen unsere Wohnungen \u00fcber kostenloses WLAN, Bettw\u00e4sche und Handt\u00fccher.<br \/>Ebenfalls d\u00fcrfen Sie Waschmaschine und Trockner benutzen.<br \/>Direkt an Ihrer Wohnung grenzt unser Garten, der mit M\u00f6bel und einem Grill best\u00fcckt ist.<span class=\"apple-converted-space\">\u00a0<br \/><\/span><\/span><span>Freier Eintritt ins Eilun Fit in Norddorf.<br \/>Einen Hund d\u00fcrfen Sie gerne mitbringen!<o:p><\/o:p><\/span><\/p>\n<p><span><\/span><\/p>\n<h3>Diese Wohnung kostet ganzj\u00e4hrig 80\u20ac pro \u00dcbernachtung.<\/h3>\n<h3><\/h3>\n<\/div>\n<p>[\/et_pb_text][et_pb_code _builder_version=&#8220;4.16&#8243; global_colors_info=&#8220;{}&#8220;]<iframe loading=\"lazy\" width=\"600\" height=\"455\" frameborder=\"0\" scrolling=\"no\" align=\"center\" src=\"https:\/\/xmlrpc.acomodo.de\/index.php?c=booking_calendars&#038;m=build_graph&#038;hhu_id=6782&#038;year=2015&#038;sc=80e39fb8907421464e65ac7206c0c132\"><\/iframe>[\/et_pb_code][\/et_pb_column][et_pb_column type=&#8220;2_5&#8243; _builder_version=&#8220;4.16&#8243; global_colors_info=&#8220;{}&#8220;][et_pb_gallery gallery_ids=&#8220;168,129,128,127,130,200&#8243; posts_number=&#8220;6&#8243; _builder_version=&#8220;4.21.0&#8243; title_font_size=&#8220;1px&#8220; hover_enabled=&#8220;0&#8243; global_colors_info=&#8220;{}&#8220; sticky_enabled=&#8220;0&#8243;][\/et_pb_gallery][\/et_pb_column][\/et_pb_row][\/et_pb_section]<\/p>\n","protected":false},"excerpt":{"rendered":"<p>Wohnung Klaffhugh (2 Sterne-Klassifizierung) \u00a0 Die Wohnung ist 45 qm gro\u00dfe Maisonette Wohnung &#8211; unten Wohnraum mit gem\u00fctlicher Sofaecke sowie einer K\u00fcche oben befindet ein offener Schlafbereich mit einem traumhaften Ausblick.Die K\u00fcche ist voll ausgestattet und verf\u00fcgt \u00fcber ein Ceranfeld und Mikrowelle mit Hei\u00dfluft, sowie eine gem\u00fctliche Essecke. Alle unsere Wohnungen sind mit einem LCD [&hellip;]<\/p>\n","protected":false},"author":1,"featured_media":0,"parent":0,"menu_order":0,"comment_status":"closed","ping_status":"closed","template":"","meta":{"_et_pb_use_builder":"on","_et_pb_old_content":"This is an example page. It's different from a blog post because it will stay in one place and will show up in your site navigation (in most themes). Most people start with an About page that introduces them to potential site visitors. It might say something like this:\n<blockquote>Hi there! I'm a bike messenger by day, aspiring actor by night, and this is my website. I live in Los Angeles, have a great dog named Jack, and I like pi\u00f1a coladas. (And gettin' caught in the rain.)<\/blockquote>\n...or something like this:\n<blockquote>The XYZ Doohickey Company was founded in 1971, and has been providing quality doohickeys to the public ever since. Located in Gotham City, XYZ employs over 2,000 people and does all kinds of awesome things for the Gotham community.<\/blockquote>\nAs a new WordPress user, you should go to <a href=\"http:\/\/hauselisabeth-amrum.de\/wp-admin\/\">your dashboard<\/a> to delete this page and create new pages for your content. Have fun!","_et_gb_content_width":""},"_links":{"self":[{"href":"https:\/\/hauselisabeth-amrum.de\/index.php?rest_route=\/wp\/v2\/pages\/124"}],"collection":[{"href":"https:\/\/hauselisabeth-amrum.de\/index.php?rest_route=\/wp\/v2\/pages"}],"about":[{"href":"https:\/\/hauselisabeth-amrum.de\/index.php?rest_route=\/wp\/v2\/types\/page"}],"author":[{"embeddable":true,"href":"https:\/\/hauselisabeth-amrum.de\/index.php?rest_route=\/wp\/v2\/users\/1"}],"replies":[{"embeddable":true,"href":"https:\/\/hauselisabeth-amrum.de\/index.php?rest_route=%2Fwp%2Fv2%2Fcomments&post=124"}],"version-history":[{"count":9,"href":"https:\/\/hauselisabeth-amrum.de\/index.php?rest_route=\/wp\/v2\/pages\/124\/revisions"}],"predecessor-version":[{"id":202,"href":"https:\/\/hauselisabeth-amrum.de\/index.php?rest_route=\/wp\/v2\/pages\/124\/revisions\/202"}],"wp:attachment":[{"href":"https:\/\/hauselisabeth-amrum.de\/index.php?rest_route=%2Fwp%2Fv2%2Fmedia&parent=124"}],"curies":[{"name":"wp","href":"https:\/\/api.w.org\/{rel}","templated":true}]}}

<p>[et_pb_section fb_built=&#8220;1&#8243; fullwidth=&#8220;on&#8220; _builder_version=&#8220;4.16&#8243; global_colors_info=&#8220;{}&#8220;][et_pb_fullwidth_image src=&#8220;http://hauselisabeth-amrum.de/wp-content/uploads/2019/11/Headder-1.jpg&#8220; _builder_version=&#8220;4.16&#8243; global_colors_info=&#8220;{}&#8220;][/et_pb_fullwidth_image][/et_pb_section][et_pb_section fb_built=&#8220;1&#8243; _builder_version=&#8220;4.16&#8243; global_colors_info=&#8220;{}&#8220;][et_pb_row column_structure=&#8220;3_5,2_5&#8243; _builder_version=&#8220;4.16&#8243; background_size=&#8220;initial&#8220; background_position=&#8220;top_left&#8220; background_repeat=&#8220;repeat&#8220; custom_padding=&#8220;0px|||||&#8220; global_colors_info=&#8220;{}&#8220;][et_pb_column type=&#8220;3_5&#8243; _builder_version=&#8220;4.16&#8243; custom_padding=&#8220;|||&#8220; global_colors_info=&#8220;{}&#8220; custom_padding__hover=&#8220;|||&#8220;][et_pb_text _builder_version=&#8220;4.16&#8243; background_size=&#8220;initial&#8220; background_position=&#8220;top_left&#8220; background_repeat=&#8220;repeat&#8220; custom_padding=&#8220;1px|||||&#8220; global_colors_info=&#8220;{}&#8220;]</p>
<div id="wrapper2">
<h3><span>Wohnung Klaffhugh (2 Sterne-Klassifizierung)<o:p></o:p></span></h3>
<p><span> </span></p>
<p><span>Die Wohnung ist 45 qm große Maisonette Wohnung &#8211; unten Wohnraum mit gemütlicher Sofaecke sowie einer Küche oben befindet ein offener Schlafbereich mit einem traumhaften Ausblick.<o:p></o:p></span><span>Die Küche ist voll ausgestattet und verfügt über ein Ceranfeld und Mikrowelle mit Heißluft, sowie eine gemütliche Essecke.<o:p></o:p></span></p>
<p><span>Alle unsere Wohnungen sind mit einem LCD – Fernseher ( Satellitenempfang ),<br />Stereo Anlage und DVD Player ausgestattet.<br />Selbstverständlich verfügen unsere Wohnungen über kostenloses WLAN, Bettwäsche und Handtücher.<br />Ebenfalls dürfen Sie Waschmaschine und Trockner benutzen.<br />Direkt an Ihrer Wohnung grenzt unser Garten, der mit Möbel und einem Grill bestückt ist.<span class="apple-converted-space"> <br /></span></span><span>Freier Eintritt ins Eilun Fit in Norddorf.<br />Einen Hund dürfen Sie gerne mitbringen!<o:p></o:p></span></p>
<p><span></span></p>
<h3>Diese Wohnung kostet ganzjährig 80€ pro Übernachtung.</h3>
<h3></h3>
</div>
<p>[/et_pb_text][et_pb_code _builder_version=&#8220;4.16&#8243; global_colors_info=&#8220;{}&#8220;]<iframe loading="lazy" width="600" height="455" frameborder="0" scrolling="no" align="center" src="https://xmlrpc.acomodo.de/index.php?c=booking_calendars&#038;m=build_graph&#038;hhu_id=6782&#038;year=2015&#038;sc=80e39fb8907421464e65ac7206c0c132"></iframe>[/et_pb_code][/et_pb_column][et_pb_column type=&#8220;2_5&#8243; _builder_version=&#8220;4.16&#8243; global_colors_info=&#8220;{}&#8220;][et_pb_gallery gallery_ids=&#8220;168,129,128,127,130,200&#8243; posts_number=&#8220;6&#8243; _builder_version=&#8220;4.21.0&#8243; title_font_size=&#8220;1px&#8220; hover_enabled=&#8220;0&#8243; global_colors_info=&#8220;{}&#8220; sticky_enabled=&#8220;0&#8243;][/et_pb_gallery][/et_pb_column][/et_pb_row][/et_pb_section]</p>

<p>Wohnung Klaffhugh (2 Sterne-Klassifizierung)   Die Wohnung ist 45 qm große Maisonette Wohnung &#8211; unten Wohnraum mit gemütlicher Sofaecke sowie einer Küche oben befindet ein offener Schlafbereich mit einem traumhaften Ausblick.Die Küche ist voll ausgestattet und verfügt über ein Ceranfeld und Mikrowelle mit Heißluft, sowie eine gemütliche Essecke. Alle unsere Wohnungen sind mit einem LCD [&hellip;]</p>

This is an example page. It's different from a blog post because it will stay in one place and will show up in your site navigation (in most themes). Most people start with an About page that introduces them to potential site visitors. It might say something like this:
<blockquote>Hi there! I'm a bike messenger by day, aspiring actor by night, and this is my website. I live in Los Angeles, have a great dog named Jack, and I like piña coladas. (And gettin' caught in the rain.)</blockquote>
...or something like this:
<blockquote>The XYZ Doohickey Company was founded in 1971, and has been providing quality doohickeys to the public ever since. Located in Gotham City, XYZ employs over 2,000 people and does all kinds of awesome things for the Gotham community.</blockquote>
As a new WordPress user, you should go to <a href="http://hauselisabeth-amrum.de/wp-admin/">your dashboard</a> to delete this page and create new pages for your content. Have fun!
