{"id":85,"date":"2019-11-16T14:50:10","date_gmt":"2019-11-16T14:50:10","guid":{"rendered":"http:\/\/hauselisabeth-amrum.de\/?page_id=85"},"modified":"2023-04-28T06:57:28","modified_gmt":"2023-04-28T06:57:28","slug":"wohnung-esenhugh","status":"publish","type":"page","link":"https:\/\/hauselisabeth-amrum.de\/?page_id=85","title":{"rendered":"Wohnung Esenhugh"},"content":{"rendered":"<p>[et_pb_section fb_built=&#8220;1&#8243; fullwidth=&#8220;on&#8220; _builder_version=&#8220;4.16&#8243; global_colors_info=&#8220;{}&#8220;][et_pb_fullwidth_image src=&#8220;http:\/\/hauselisabeth-amrum.de\/wp-content\/uploads\/2019\/11\/Headder-1.jpg&#8220; _builder_version=&#8220;4.16&#8243; global_colors_info=&#8220;{}&#8220;][\/et_pb_fullwidth_image][\/et_pb_section][et_pb_section fb_built=&#8220;1&#8243; _builder_version=&#8220;4.16&#8243; global_colors_info=&#8220;{}&#8220;][et_pb_row column_structure=&#8220;3_5,2_5&#8243; _builder_version=&#8220;4.16&#8243; background_size=&#8220;initial&#8220; background_position=&#8220;top_left&#8220; background_repeat=&#8220;repeat&#8220; custom_padding=&#8220;0px|||||&#8220; global_colors_info=&#8220;{}&#8220;][et_pb_column type=&#8220;3_5&#8243; _builder_version=&#8220;4.16&#8243; custom_padding=&#8220;|||&#8220; global_colors_info=&#8220;{}&#8220; custom_padding__hover=&#8220;|||&#8220;][et_pb_text _builder_version=&#8220;4.16&#8243; background_size=&#8220;initial&#8220; background_position=&#8220;top_left&#8220; background_repeat=&#8220;repeat&#8220; global_colors_info=&#8220;{}&#8220;]<\/p>\n<div id=\"wrapper2\">\n<h3><span>Wohnung Esenhugh (3 Sterne-Klassifizierung)<o:p><\/o:p><\/span><\/h3>\n<p><span><br \/>Die Wohnung ist 35 qm gro\u00df und befindet sich im Erdgeschoss.<span class=\"apple-converted-space\">\u00a0<\/span><br \/>Die Wohnung ist hell und gem\u00fctlich eingerichtet.<br \/>Sie hat einen eigenen Eingang und ist nach Norden ausgerichtet.<br \/>Schauen Sie aus dem Fenster, haben Sie einen direkten Blick \u00fcber die Felder und Wiesen.<br \/>Eine voll ausgestattete K\u00fcche, inkl. Ceranfeld, Geschirrsp\u00fcler und Mikrowelle mit Hei\u00dfluft geh\u00f6ren zur Einrichtung, sowie eine gem\u00fctliche Essecke.<o:p><\/o:p><\/span><\/p>\n<p><span>Alle unsere Wohnungen sind mit einem LCD \u2013 Fernseher ( Satellitenempfang ),<br \/>Stereo Anlage und DVD Player ausgestattet.<br \/>Selbstverst\u00e4ndlich verf\u00fcgen unsere Wohnungen \u00fcber kostenloses WLAN, Bettw\u00e4sche und Handt\u00fccher.<br \/>Ebenfalls d\u00fcrfen Sie Waschmaschine und Trockner benutzen.<br \/>Direkt an Ihrer Wohnung grenzt unser Garten, der mit M\u00f6bel und einem Grill best\u00fcckt ist.<span class=\"apple-converted-space\">\u00a0<br \/>Freier Eintritt ins Eilun Fit in Norddorf.<\/span><br \/>Einen Hund d\u00fcrfen Sie gerne mitbringen!<o:p><\/o:p><\/span><\/p>\n<p><span><\/span><\/p>\n<h3>Diese Wohnung kostet ganzj\u00e4hrig 75\u20ac pro \u00dcbernachtung.<\/h3>\n<h3><\/h3>\n<\/div>\n<p>[\/et_pb_text][et_pb_code _builder_version=&#8220;4.16&#8243; global_colors_info=&#8220;{}&#8220;]<iframe loading=\"lazy\" width=\"600\" height=\"455\" frameborder=\"0\" scrolling=\"no\" align=\"center\" src=\"https:\/\/xmlrpc.acomodo.de\/index.php?c=booking_calendars&#038;m=build_graph&#038;hhu_id=6783&#038;year=2015&#038;sc=c7d57a6ac7db83b17894b5b3032a571e\"><\/iframe>[\/et_pb_code][\/et_pb_column][et_pb_column type=&#8220;2_5&#8243; _builder_version=&#8220;4.16&#8243; global_colors_info=&#8220;{}&#8220;][et_pb_gallery gallery_ids=&#8220;168,187,188,186&#8243; posts_number=&#8220;5&#8243; _builder_version=&#8220;4.21.0&#8243; title_font_size=&#8220;1px&#8220; hover_enabled=&#8220;0&#8243; global_colors_info=&#8220;{}&#8220; sticky_enabled=&#8220;0&#8243;][\/et_pb_gallery][\/et_pb_column][\/et_pb_row][\/et_pb_section]<\/p>\n","protected":false},"excerpt":{"rendered":"<p>Wohnung Esenhugh (3 Sterne-Klassifizierung) Die Wohnung ist 35 qm gro\u00df und befindet sich im Erdgeschoss.\u00a0Die Wohnung ist hell und gem\u00fctlich eingerichtet.Sie hat einen eigenen Eingang und ist nach Norden ausgerichtet.Schauen Sie aus dem Fenster, haben Sie einen direkten Blick \u00fcber die Felder und Wiesen.Eine voll ausgestattete K\u00fcche, inkl. Ceranfeld, Geschirrsp\u00fcler und Mikrowelle mit Hei\u00dfluft geh\u00f6ren [&hellip;]<\/p>\n","protected":false},"author":1,"featured_media":0,"parent":0,"menu_order":0,"comment_status":"closed","ping_status":"closed","template":"","meta":{"_et_pb_use_builder":"on","_et_pb_old_content":"This is an example page. It's different from a blog post because it will stay in one place and will show up in your site navigation (in most themes). Most people start with an About page that introduces them to potential site visitors. It might say something like this:\n<blockquote>Hi there! I'm a bike messenger by day, aspiring actor by night, and this is my website. I live in Los Angeles, have a great dog named Jack, and I like pi\u00f1a coladas. (And gettin' caught in the rain.)<\/blockquote>\n...or something like this:\n<blockquote>The XYZ Doohickey Company was founded in 1971, and has been providing quality doohickeys to the public ever since. Located in Gotham City, XYZ employs over 2,000 people and does all kinds of awesome things for the Gotham community.<\/blockquote>\nAs a new WordPress user, you should go to <a href=\"http:\/\/hauselisabeth-amrum.de\/wp-admin\/\">your dashboard<\/a> to delete this page and create new pages for your content. Have fun!","_et_gb_content_width":""},"_links":{"self":[{"href":"https:\/\/hauselisabeth-amrum.de\/index.php?rest_route=\/wp\/v2\/pages\/85"}],"collection":[{"href":"https:\/\/hauselisabeth-amrum.de\/index.php?rest_route=\/wp\/v2\/pages"}],"about":[{"href":"https:\/\/hauselisabeth-amrum.de\/index.php?rest_route=\/wp\/v2\/types\/page"}],"author":[{"embeddable":true,"href":"https:\/\/hauselisabeth-amrum.de\/index.php?rest_route=\/wp\/v2\/users\/1"}],"replies":[{"embeddable":true,"href":"https:\/\/hauselisabeth-amrum.de\/index.php?rest_route=%2Fwp%2Fv2%2Fcomments&post=85"}],"version-history":[{"count":10,"href":"https:\/\/hauselisabeth-amrum.de\/index.php?rest_route=\/wp\/v2\/pages\/85\/revisions"}],"predecessor-version":[{"id":190,"href":"https:\/\/hauselisabeth-amrum.de\/index.php?rest_route=\/wp\/v2\/pages\/85\/revisions\/190"}],"wp:attachment":[{"href":"https:\/\/hauselisabeth-amrum.de\/index.php?rest_route=%2Fwp%2Fv2%2Fmedia&parent=85"}],"curies":[{"name":"wp","href":"https:\/\/api.w.org\/{rel}","templated":true}]}}

<p>[et_pb_section fb_built=&#8220;1&#8243; fullwidth=&#8220;on&#8220; _builder_version=&#8220;4.16&#8243; global_colors_info=&#8220;{}&#8220;][et_pb_fullwidth_image src=&#8220;http://hauselisabeth-amrum.de/wp-content/uploads/2019/11/Headder-1.jpg&#8220; _builder_version=&#8220;4.16&#8243; global_colors_info=&#8220;{}&#8220;][/et_pb_fullwidth_image][/et_pb_section][et_pb_section fb_built=&#8220;1&#8243; _builder_version=&#8220;4.16&#8243; global_colors_info=&#8220;{}&#8220;][et_pb_row column_structure=&#8220;3_5,2_5&#8243; _builder_version=&#8220;4.16&#8243; background_size=&#8220;initial&#8220; background_position=&#8220;top_left&#8220; background_repeat=&#8220;repeat&#8220; custom_padding=&#8220;0px|||||&#8220; global_colors_info=&#8220;{}&#8220;][et_pb_column type=&#8220;3_5&#8243; _builder_version=&#8220;4.16&#8243; custom_padding=&#8220;|||&#8220; global_colors_info=&#8220;{}&#8220; custom_padding__hover=&#8220;|||&#8220;][et_pb_text _builder_version=&#8220;4.16&#8243; background_size=&#8220;initial&#8220; background_position=&#8220;top_left&#8220; background_repeat=&#8220;repeat&#8220; global_colors_info=&#8220;{}&#8220;]</p>
<div id="wrapper2">
<h3><span>Wohnung Esenhugh (3 Sterne-Klassifizierung)<o:p></o:p></span></h3>
<p><span><br />Die Wohnung ist 35 qm groß und befindet sich im Erdgeschoss.<span class="apple-converted-space"> </span><br />Die Wohnung ist hell und gemütlich eingerichtet.<br />Sie hat einen eigenen Eingang und ist nach Norden ausgerichtet.<br />Schauen Sie aus dem Fenster, haben Sie einen direkten Blick über die Felder und Wiesen.<br />Eine voll ausgestattete Küche, inkl. Ceranfeld, Geschirrspüler und Mikrowelle mit Heißluft gehören zur Einrichtung, sowie eine gemütliche Essecke.<o:p></o:p></span></p>
<p><span>Alle unsere Wohnungen sind mit einem LCD – Fernseher ( Satellitenempfang ),<br />Stereo Anlage und DVD Player ausgestattet.<br />Selbstverständlich verfügen unsere Wohnungen über kostenloses WLAN, Bettwäsche und Handtücher.<br />Ebenfalls dürfen Sie Waschmaschine und Trockner benutzen.<br />Direkt an Ihrer Wohnung grenzt unser Garten, der mit Möbel und einem Grill bestückt ist.<span class="apple-converted-space"> <br />Freier Eintritt ins Eilun Fit in Norddorf.</span><br />Einen Hund dürfen Sie gerne mitbringen!<o:p></o:p></span></p>
<p><span></span></p>
<h3>Diese Wohnung kostet ganzjährig 75€ pro Übernachtung.</h3>
<h3></h3>
</div>
<p>[/et_pb_text][et_pb_code _builder_version=&#8220;4.16&#8243; global_colors_info=&#8220;{}&#8220;]<iframe loading="lazy" width="600" height="455" frameborder="0" scrolling="no" align="center" src="https://xmlrpc.acomodo.de/index.php?c=booking_calendars&#038;m=build_graph&#038;hhu_id=6783&#038;year=2015&#038;sc=c7d57a6ac7db83b17894b5b3032a571e"></iframe>[/et_pb_code][/et_pb_column][et_pb_column type=&#8220;2_5&#8243; _builder_version=&#8220;4.16&#8243; global_colors_info=&#8220;{}&#8220;][et_pb_gallery gallery_ids=&#8220;168,187,188,186&#8243; posts_number=&#8220;5&#8243; _builder_version=&#8220;4.21.0&#8243; title_font_size=&#8220;1px&#8220; hover_enabled=&#8220;0&#8243; global_colors_info=&#8220;{}&#8220; sticky_enabled=&#8220;0&#8243;][/et_pb_gallery][/et_pb_column][/et_pb_row][/et_pb_section]</p>

<p>Wohnung Esenhugh (3 Sterne-Klassifizierung) Die Wohnung ist 35 qm groß und befindet sich im Erdgeschoss. Die Wohnung ist hell und gemütlich eingerichtet.Sie hat einen eigenen Eingang und ist nach Norden ausgerichtet.Schauen Sie aus dem Fenster, haben Sie einen direkten Blick über die Felder und Wiesen.Eine voll ausgestattete Küche, inkl. Ceranfeld, Geschirrspüler und Mikrowelle mit Heißluft gehören [&hellip;]</p>

This is an example page. It's different from a blog post because it will stay in one place and will show up in your site navigation (in most themes). Most people start with an About page that introduces them to potential site visitors. It might say something like this:
<blockquote>Hi there! I'm a bike messenger by day, aspiring actor by night, and this is my website. I live in Los Angeles, have a great dog named Jack, and I like piña coladas. (And gettin' caught in the rain.)</blockquote>
...or something like this:
<blockquote>The XYZ Doohickey Company was founded in 1971, and has been providing quality doohickeys to the public ever since. Located in Gotham City, XYZ employs over 2,000 people and does all kinds of awesome things for the Gotham community.</blockquote>
As a new WordPress user, you should go to <a href="http://hauselisabeth-amrum.de/wp-admin/">your dashboard</a> to delete this page and create new pages for your content. Have fun!
